ime number?
True
Suppose 8*y - 90 = 2*y. Is y prime?
False
Suppose -3*c = 5*z - 10126, c - 1689 = 5*z + 1693. Is c composite?
True
Suppose 805 + 235 = -4*f. Let r = 625 + f. Is r a prime number?
False
Is ((-4)/(-12))/(1/177) a prime number?
True
Let r be (-56)/26 - (-4)/26. Let u = 3 - r. Suppose -u*y = -k - 276, 5*y - 2*k - 280 = 3*k. Is y prime?
False
Let k = -11 + 13. Let w be 0 + 48 + (-1 - 0). Suppose -5*i = -4*z - 107, -z = -2*i + k*z + w. Is i a prime number?
True
Suppose 0*z - 4 = -2*z. Suppose -z*i = -7 + 1. Is 0 + (9 - (i + -1)) a composite number?
False
Let h(b) = 113*b. Is h(1) a composite number?
False
Suppose 4*s = -4, 4*s - 1351 = -2*k + s. Is k a composite number?
False
Let o be 1*-2 + 6 + 1. Suppose -o*r = -3*k - 11, k - r = -2 + 1. Suppose 0 = 3*l, 0*f - k*f - 4*l = -201. Is f composite?
False
Let h = 9 - 4. Suppose h*j - 669 = 2*j. Is j a prime number?
True
Suppose 0*y = 12*y - 3972. Is y prime?
True
Let d(a) = -2*a - 2. Let v be d(-4). Let y = 7 - v. Is y/3 - 68/(-3) a prime number?
True
Let s(h) = 3*h**2 + 3*h - 4. Let g(l) be the third derivative of -l**5/60 + l**4/3 - l**3/2 + 2*l**2. Let d be g(8). Is s(d) a prime number?
False
Is 128 + 0 - -4 - -1 a prime number?
False
Suppose 6*d = 3*k + d + 18, -d + 5 = -2*k. Suppose y = 5*y - 2*w + 66, 0 = -5*y - 5*w - 45. Let m = k - y. Is m a prime number?
True
Let b(o) = -o + 7. Let t be b(7). Suppose -3*u - 2*m = -125 + 4, t = -2*m + 10. Is u composite?
False
Suppose -14*f + 11*f + 2253 = 0. Is f a composite number?
False
Suppose 4*y - 321 = 3*b, 4*y + 3*b = 399 - 96. Let i = -139 + y. Let l = -38 - i. Is l composite?
False
Suppose 57 = 2*d - 5. Let c = d - -21. Suppose -4*p = -c - 8. Is p prime?
False
Let i(r) = -r**3 + 3*r**2 + 4*r - 4. Let m be i(3). Let j(q) = 20*q + 3. Is j(m) a prime number?
True
Suppose -3*r - r = -956. Is r a composite number?
False
Let i = 28 - -15. Suppose -i = -3*d + 2*l, 4*d - l = 18 + 36. Is d a prime number?
True
Is (-1668)/(-8)*(-4)/(-6) prime?
True
Let n(g) = -3*g**3 - 9*g**2 + 15*g + 14. Is n(-9) a prime number?
False
Let z = -4 + 6. Is z/(-1) - (-295)/5 composite?
True
Let t(x) = -x**2 + 7*x - 5. Suppose 4*q - 3*q - 1 = 0. Let k = 5 - q. Is t(k) composite?
False
Let r(w) = w**3 - 3*w**2 - 3*w - 1. Let i be r(4). Is i/(-6)*-79*2 a prime number?
True
Suppose -5*g + 14 = 3*h - g, -17 = -3*h - g. Suppose 3*a - h = 2*r, 2 + 2 = 2*a + 2*r. Suppose -a*m - m + 21 = 0. Is m composite?
False
Let b = -4 - -1. Let s be 1 + ((-18)/b - 3). Suppose 49 = s*d - 107. Is d prime?
False
Let q(r) = -7*r**2 - 5*r + 10. Let z be q(-6). Let s = 325 + z. Is s a prime number?
True
Let b = 149 + -9. Let j = 0 - 0. Suppose -m - r + b = j, -397 = -2*m + 3*r - 92. Is m a composite number?
True
Suppose 5*l = -3*o + 581, -5*o - 487 = -4*l - 0*l. Is l a prime number?
False
Let u = -195 + 344. Is u composite?
False
Let d = 210 - 121. Is d a prime number?
True
Suppose 4268 = -6*x + 10*x. Is x a prime number?
False
Let g(a) = a**3 + 5*a**2 - 5*a + 6. Let p be g(-6). Suppose y = -r + 53, 0 = -5*y - p + 10. Is r prime?
False
Suppose 0*k - k + 307 = 0. Is k a composite number?
False
Suppose -113 + 1260 = u + 2*y, -4*u + 4588 = y. Is u composite?
True
Let r = 5 - 2. Suppose -a + 6*a + 4*z - 1055 = 0, 0 = r*a - 5*z - 633. Is a prime?
True
Suppose -5*g + 162 = -2*g. Let c = g + -32. Suppose c = v - 31. Is v a composite number?
False
Let x = -243 + 517. Suppose 2*o + o = 2262. Suppose -4*b = -o - x. Is b a composite number?
False
Is (((-2036)/3)/4)/((-3)/9) a composite number?
False
Suppose -5*g - 8 = v, 4*v - 5*g + g = 16. Let o be 2/7 + (-4800)/(-56). Suppose v*z - o = -0*z - 3*t, 8 = 2*t. Is z prime?
True
Let f be 9/((-102)/99 + 1). Let h = 200 + f. Let a = -44 - h. Is a a composite number?
False
Suppose -1270 = -a - a. Is a a prime number?
False
Let k be (-4)/8 - 87/(-6). Let q = k + 33. Is q composite?
False
Suppose 5*c - 27 = 2*c. Let r(t) = t**2 - 9*t + 13. Is r(c) composite?
False
Let c be 2 - 4 - (2 + -1). Let l be (3/5)/(c/(-15)). Is (-9)/6*(-14)/l a composite number?
False
Let o be 16/(-12)*9/(-2). Suppose o*w = 4*w. Is -2 + 40 - (1 - w) prime?
True
Let o(h) = -2*h - 3 - 16*h - 22*h. Is o(-4) composite?
False
Let f(z) = -z**2 - 7*z + 4. Let r be f(-7). Suppose r*n - n = 0. Suppose 3*w + 9 - 72 = n. Is w a composite number?
True
Suppose 3*l + 3*w = 6*w, -2*w = 4*l. Suppose l = -4*j + 15 + 25. Is j a prime number?
False
Let y(o) = -o - 2. Let i be y(-2). Suppose i = j - 7 + 1. Is j a prime number?
False
Suppose 4*v = 2*q - 410, 3*v = -3*q + 4*q - 203. Suppose -3*y + 3*d = -168, -4*y + 0*y - d + q = 0. Is y prime?
True
Suppose j - 231 = 58. Is j prime?
False
Suppose -3*p + 7*p - 1172 = 0. Is p prime?
True
Let y be (-3 + -1)/(1/4). Let h = y + 27. Is h a prime number?
True
Suppose 7 = -4*h + 131. Is h composite?
False
Let s(z) = z + 3. Let l be s(5). Suppose 4*h + 816 = 4*r, 4*h - l*h - 613 = -3*r. Is r prime?
False
Let y(h) = 9*h**2 - 3*h - 5. Is y(-2) a prime number?
True
Suppose 15 = m + 2*m. Suppose 3*h = -m*o + 16, h = 4*o - 6 - 17. Is (86/h)/(4/(-30)) a prime number?
False
Let c(d) = 10*d**2 + 7*d + 4. Let b(q) be the first derivative of -3*q**3 - 3*q**2 - 4*q + 1. Let t(z) = -6*b(z) - 5*c(z). Is t(-3) composite?
False
Let t = 128 - 25. Let b = t + -60. Is b a prime number?
True
Let p(x) = -203*x - 6. Is p(-5) a prime number?
True
Let x = 4006 + -2532. Let n = -730 + x. Is n/9 + (-2)/(-6) a prime number?
True
Let t be (-37)/(-5) - (-12)/(-30). Let x(h) = -6*h + 2*h**3 + t*h + 1 - h**2 + 2. Is x(5) a composite number?
False
Suppose -4*m + 0*m = -1172. Is m composite?
False
Let s be 60*3/6*1. Is 9/(-2)*s/(-9) a prime number?
False
Suppose -5*i + 5953 = -2842. Is i composite?
False
Let g = 73 - 17. Suppose -t - g = -5*t. Is t a composite number?
True
Let y(c) = c**2 + 2*c. Let r be y(-3). Let b = 1 - r. Is (-196)/(-9) + b/(-9) a composite number?
True
Suppose -2*b - 4*c - 8 = 0, 3*c = b + 2*c - 2. Suppose o - 5 + 6 = b. Is (-1)/(o*(-3)/(-213)) composite?
False
Suppose -49 = -h - 4*b, -370 = -5*h + 3*b + 2*b. Suppose y - 50 = h. Is y a composite number?
True
Is (339/(-6))/(5/(-10)) a composite number?
False
Let r(v) = 15*v**2 - 7*v - 1. Is r(5) composite?
True
Let u = 119 - 53. Suppose m - 34 = 2*q + 3*q, 3*m = 3*q + u. Is m composite?
False
Let u be 407 + (-8)/(5 + -1). Let l = 616 - u. Is l a prime number?
True
Let y = -779 - -1264. Is y a prime number?
False
Let o(z) = 5*z**2 - 12*z - 12. Is o(-7) composite?
False
Suppose -4*o - j + 11 = -0*j, 2*o - 16 = -4*j. Suppose o*p = 7*p - 1255. Is p a composite number?
False
Let w(j) = 292*j**3 - j. Let z be w(-1). Let q be 202/(-1) + 5 + -9. Let t = q - z. Is t composite?
True
Suppose -2*g - 32 = -226. Is g a composite number?
False
Let g(a) = -34*a + 1. Let y be g(-2). Suppose -7 = -4*v + y. Is v prime?
True
Let b be (-100)/(-6) - 8/12. Is 54 + -1 + (b - 18) composite?
True
Let v(j) = 3*j - 6. Let q be v(4). Let d(s) = -6*s**2 + s + 14. Let t(h) = 7*h**2 - 2*h - 15. Let z(o) = -6*d(o) - 5*t(o). Is z(q) a prime number?
False
Let a(l) = -30*l**3 - 2*l**2 - 3*l - 2. Let i be a(-1). Let z be (-34)/4 - (-2)/4. Let q = z + i. Is q composite?
True
Suppose 0 = -l + 4*l - 795. Is l a prime number?
False
Let l(d) be the first derivative of -3*d**2/2 + 3*d + 2. Let r be l(-6). Let g = r + 58. Is g a composite number?
False
Suppose -3*s + 0 = -6. Let w be ((-10)/4)/(s/(-4)). Suppose 0*u - 3*u - 51 = -3*f, 4*f - 50 = -w*u. Is f composite?
True
Let n = 1454 + -781. Is n a composite number?
False
Is (1 - 5)/(-1) - -363 a prime number?
True
Suppose 4 = d - 17. Let i be d/12 + 2/8. Suppose 105 = 5*y + i*u, -4*u = -0*y - 4*y + 56. Is y prime?
True
Let s(c) = -15*c. Let b be s(3). Is (-11133)/b - (-4)/(-10) composite?
True
Suppose 4 + 4 = -4*u. Let d = 3 - u. Suppose -5*j = -3*y - 166, -181 = -d*j - 3*y + y. Is j prime?
False
Suppose -2*a - 4*i = -4, 5*i = 4*a + 7 - 2. Let z be 6 - (-3)/((27/(-6))/3). Suppose -z*l + 79 = 3*v, a = l - 5*l + 3*v + 97. Is l a composite number?
True
Let d(v) = 4*v**2 - 5*v - 1. Suppose 5 = -0*y - y. Let u be d(y). Suppose -3*k - k = -u. Is k prime?
True
Let b(s) = -s + 5. Let j be b(5). Let t(l) = l**2 - 6. Let q be t(0). Let i = j - q. Is i composite?
True
Let u(a) = -a**3 + 5*a**2 + 3*a - 1. Let m be -1 - -1 - (-6